. Let h = n + 549. What are the prime factors of h?
7, 43
Let p(q) = 3*q**2 - 12*q**2 - q + 30 - 29 - 8*q**2. Let d be p(-4). Let h = -168 - d. List the prime factors of h.
3, 11
Let b be 2/3 - (-28)/12. What are the prime factors of ((-5325)/15)/((-3)/b)?
5, 71
Suppose 0 = 7*m - 0 + 14. Let t be m - 1 - (-10 - -5). Suppose 42 = u - 5*g - 69, -4*u + t*g = -372. What are the prime factors of u?
7, 13
Let o(k) = -2861*k + 462. What are the prime factors of o(-9)?
3, 8737
Let a(f) = -39*f**2 - f - 3. Let j(o) = -2*o**2 + 6. Let x be j(2). Let i be a(x). What are the prime factors of 0*(-5)/20 - i?
157
Suppose 1810 = -17*i - 2321. Let y = 865 - i. What are the prime factors of y?
2, 277
Suppose -5*a = 6149*w - 6144*w - 22175, 0 = 3*a - 2*w - 13265. List the prime factors of a.
19, 233
Let g(a) = -266*a**3 + 27*a**2 + 128*a - 8. List the prime factors of g(-4).
2, 29, 73
Let w = 34 - 30. Suppose 5*m = w*s + 1596, -712 = -3*m - 5*s + 216. List the prime factors of (2/4)/(950/m - 3).
79
Suppose 0 = -51*u + 57*u - d - 20016, -u + 5*d = -3365. What are the prime factors of u?
5, 23, 29
Suppose -q - 5*b + 2*b + 17 = 0, 0 = 3*q - 4*b + 14. Suppose 4*c + q - 10 = n, 4*c = 0. List the prime factors of 159*((-3)/(-12))/((-6)/n).
53
Let o(r) = 45*r**3 + 4*r**2 + 34*r - 214. List the prime factors of o(6).
2, 13, 379
List the prime factors of 40/220 + 33702/11.
2, 383
Let s = -83427 - -132601. What are the prime factors of s?
2, 23, 1069
Suppose 0 = -3*f + 14 - 8. Suppose -2*z - 11 = -4*z + j, z + j = -f. Suppose z*h + 3*c = 63, -2*c + 5 = -c. What are the prime factors of h?
2
Let f(m) = -7*m**3 - m + 2. Let q be f(1). Let n be q/(-39) + 256/26. Suppose -16*t = -n*t - 156. List the prime factors of t.
2, 13
Suppose -77*q + 2247753 = 1899672 - 2663004. What are the prime factors of q?
3, 5, 11, 79
Suppose 0 = 491*k + 1237131 + 4896933 - 49473652. List the prime factors of k.
2, 22067
Let f = -499 + 504. Suppose -3*t = -f*o - 3172, 30*o + 5240 = 5*t + 31*o. List the prime factors of t.
1049
Let y(r) = -r**2 - 6*r - 4. Let i be y(-5). Suppose -2*n = m - 4*m - i, n = 3*m + 2. What are the prime factors of (-285)/4*m - 5/20?
71
List the prime factors of (-3622)/(-22) - 264/(-726).
3, 5, 11
Let q = -2985 - -4590. List the prime factors of q.
3, 5, 107
Suppose 12*w - 7856 = -956. List the prime factors of w.
5, 23
Suppose -l + 2024 = l. List the prime factors of (-7*3/(-6))/(22/l).
7, 23
Let a be 4 - 398*(3 + 1 + -5). Suppose -5*m = -0*m. Suppose -3*w - 4*d + 603 = 0, d + m*d + a = 2*w. List the prime factors of w.
3, 67
Let q = 270 + -270. List the prime factors of 1402 + q + -38 + 30.
2, 17, 41
Let y = 167 + -161. Let c(u) = 44*u + 12. What are the prime factors of c(y)?
2, 3, 23
Suppose w - 25384 = v, -4*v = -9 - 27. What are the prime factors of w?
67, 379
Let c(v) = 7*v**2 + 2*v - 47. Let d(p) = p**2 + 2*p - 1. Let h(l) = c(l) - 6*d(l). Let n be h(11). What are the prime factors of (-6356)/n + 28/210?
2, 53
Suppose 2*d = 13430 + 3038. List the prime factors of d.
2, 23, 179
Suppose 3651*a = 3579*a + 1153512. List the prime factors of a.
37, 433
Let c = -360 + 363. Suppose -c*h - 2428 = -4*i, -i - 3*h + 612 = -5*h. List the prime factors of i.
2, 151
Suppose -24*z + 15525 = 3*z. Suppose -12*a - z = -6467. What are the prime factors of a?
491
Suppose -157660 = -2*y - 307*l + 312*l, -3*l + 78797 = y. What are the prime factors of y?
5, 11, 1433
Suppose 17*o - 10836 = -4*o. Let b = o + -22. What are the prime factors of b?
2, 13, 19
Let i(h) = 139*h + 8. Let z be 4 + (0 - 2) - -1. List the prime factors of i(z).
5, 17
Suppose -46*f - 3848 = -48*f - 5*u, 3*u - 3848 = -2*f. List the prime factors of f.
2, 13, 37
Let g(n) = -44*n - 21. Let o be g(4). Let m = 257 + o. What are the prime factors of m?
2, 3, 5
Suppose 11*y - 12 = 7*y. Let j = 46 + -46. Suppose 4*i - y*p = -p + 50, j = i - 2*p - 8. What are the prime factors of i?
2, 7
Let s(t) = 288*t**2 + 116*t + 45. What are the prime factors of s(9)?
3, 2713
Let w = 26448 - 10131. What are the prime factors of w?
3, 7, 37
Let v(x) = 5*x + 13. Suppose -5*t - 33 + 158 = 0. Let l = t - 6. List the prime factors of v(l).
2, 3
Let c = -219 - -223. Suppose -z = c*z - h - 2651, -3*z + h + 1589 = 0. List the prime factors of z.
3, 59
List the prime factors of 6/10 + -2 + 342468/45.
7, 1087
Suppose -16 = -6*x + 2*x. Suppose 2*d + 0 - 12 = -g, 5*g = -x*d + 66. Suppose 3*s + 275 = g*s. What are the prime factors of s?
5
Suppose 0 = 4*p + 15*p + 21*p - 350840. What are the prime factors of p?
7, 179
Let t be 9*(28/(-12) - -2) - -23. Suppose -5*k + 5*j + 28 + 2 = 0, 3*k - 5*j = t. Let g(u) = 2*u**2 - 22. What are the prime factors of g(k)?
2, 7
Let q = -9 - 0. Suppose 0 = 4*w - 69 - 55. Let a = w + q. What are the prime factors of a?
2, 11
Let g(k) = k**2 - 5*k - 62. Let q be g(10). Let y(n) = 9*n**2 + 20*n + 30. What are the prime factors of y(q)?
2, 3, 181
Let j be (-25)/10 - 51/(-6). Suppose 0 = j*m + 404 - 1454. What are the prime factors of m?
5, 7
Suppose 4*f + 0*f - 263424 = 4*p, 5*p + f = -329262. What are the prime factors of (p/21)/(-3) - 4/14?
5, 11, 19
Let f(w) be the first derivative of w**4/4 - w**3/3 - 9*w**2 - 12*w + 38. What are the prime factors of f(6)?
2, 3, 5
Suppose 3*c + 42 = 3*s, 5*s + 90 = 10*s + 5*c. Let k be ((-52)/(-8) - 5)*s/3. Suppose 10*j - k*j = 160. What are the prime factors of j?
2, 5
Suppose 17*v - 6842 = 7030. Suppose v = 9*c + 87. What are the prime factors of ((-135)/c)/((-2)/(-138)*-1)?
5, 23
Suppose 6256*o + 1254294 = 6290*o. List the prime factors of o.
3, 4099
Let p be 0 - 0 - -3 - 99604/(-37). Suppose -25*t = -p - 6780. List the prime factors of t.
379
Suppose 166 = 7*x - 5*x. Let d be x/((6/2)/9). Suppose 4*m = 2*a - 400, -4*a + 3*m = -1034 + d. What are the prime factors of a?
2, 97
Suppose -36 = -4*k + 76. Let u = -47 + k. Let j = 46 - u. List the prime factors of j.
5, 13
Let o(t) = 1180*t - 68. Let m be o(24). Suppose -8848 = 22*h - m. What are the prime factors of h?
2, 3, 7
List the prime factors of 13/((-156)/(-48)) + 19.
23
Let n(s) = 5*s**3 - 103*s**2 - 129*s + 228. What are the prime factors of n(33)?
3, 21163
Let m(u) = u. Let n(c) = -c**2 - 3*c - 9. Let v(o) = 6*m(o) - n(o). Let i be v(-6). Let s(f) = 4*f**2 + 12*f + 15. What are the prime factors of s(i)?
3, 7, 11
List the prime factors of (458/4)/(160/11840).
37, 229
Let i(d) = -2*d**3 + 85*d**2 + 33*d - 340. List the prime factors of i(42).
2, 5, 281
Suppose -55678 = -30*x + 102842. List the prime factors of x.
2, 1321
Let l = 8 - 5. Let z be -255 + 3/l + -4. Let n = -67 - z. What are the prime factors of n?
191
Suppose 0 = -27*s - 4205 + 361685. What are the prime factors of s?
2, 5, 331
Let c(p) = -p**3 - 10 + 7*p - 6*p + 22*p**2 - 18*p**2. Let d be c(3). Suppose -d*g + 13 + 11 = 0. List the prime factors of g.
2, 3
Let w = -22 + 50. Suppose i + 27 = w. What are the prime factors of 187 + i + 0 + -4?
2, 23
Let d(g) = g**3 - g**2 + 7*g + 8. List the prime factors of d(11).
5, 7, 37
Suppose r + m - 11602 = 0, r + 3*m - 3653 - 7935 = 0. What are the prime factors of r?
13, 19, 47
Suppose 35*k - 40799 = 340071. What are the prime factors of k?
2, 5441
Suppose 4*t = 20386 - 3758. Suppose 13*u + t = 18990. List the prime factors of u.
7, 163
Let k be 0/(-4) - -6 - (-2 + 3). Suppose 0*t - k*t + 585 = 2*c, 5*c = t + 1422. What are the prime factors of c?
3, 5, 19
Suppose 0 = 2*u - 4*q - 40312, 35*q = 3*u + 36*q - 60517. List the prime factors of u.
2, 5, 2017
Suppose -5*a = 40*x - 43*x + 169849, 17*x + a = 962683. What are the prime factors of x?
2, 3, 11, 13
Suppose 208*n - 325*n = -6419907. List the prime factors of n.
37, 1483
Let g(b) = 7*b**2 + 28*b + 88. What are the prime factors of g(32)?
2, 1019
Suppose -7*b + 0 + 0 = 0. Let h be b*(2 - (-9)/(-6)). Suppose 0*i - 2*i = 5*z - 85, h = -z + 3. List the prime factors of i.
5, 7
Suppose -2*y - 2*z + 37112 = 0, -2*y + 4*z = 5*z - 37106. List the prime factors of y.
2, 5, 7, 53
What are the prime factors of ((-2910)/(-90) + 17)*(-1563)/(-4)?
37, 521
Let r(m) = -45*m - 25 + 17*m - 39*m + 3. List the prime factors of r(-9).
7, 83
Let m be (-2)/5 + 13/(-5). Suppose -1104 = -43*b + 1132. What are the prime factors of (0 - 9)/m + b?
5, 11
Let b be (7 - 1) + 0 + 0. Suppose 0 =